{"id":1293,"date":"2023-01-04T17:07:17","date_gmt":"2023-01-04T16:07:17","guid":{"rendered":"https:\/\/pralniadpf.pl\/kontakt\/"},"modified":"2023-08-30T13:25:07","modified_gmt":"2023-08-30T11:25:07","slug":"kontakt","status":"publish","type":"page","link":"https:\/\/pralniadpf.pl\/de\/kontakt\/","title":{"rendered":"Kontakt"},"content":{"rendered":"<p><img decoding=\"async\" width=\"1600\" height=\"1067\" src=\"https:\/\/pralniadpf.pl\/wp-content\/uploads\/2023\/01\/DSC_2304-LR.jpg\" alt=\"\" srcset=\"https:\/\/pralniadpf.pl\/wp-content\/uploads\/2023\/01\/DSC_2304-LR.jpg 1600w, https:\/\/pralniadpf.pl\/wp-content\/uploads\/2023\/01\/DSC_2304-LR-300x200.jpg 300w, https:\/\/pralniadpf.pl\/wp-content\/uploads\/2023\/01\/DSC_2304-LR-1024x683.jpg 1024w, https:\/\/pralniadpf.pl\/wp-content\/uploads\/2023\/01\/DSC_2304-LR-768x512.jpg 768w, https:\/\/pralniadpf.pl\/wp-content\/uploads\/2023\/01\/DSC_2304-LR-1536x1024.jpg 1536w\" sizes=\"(max-width: 1600px) 100vw, 1600px\" \/>\t\t\t\t\t\t\t\t\t\t\t\t\t\t\t<\/p>\n<h1>Kontakt<\/h1>\n<p>ul. \u0141adna 22<br \/>03 -694 Warszawa<br \/>woj. mazowieckie<\/p>\n<p>NIP: 9111630051<\/p>\n<p>Telefon:<\/p>\n<p>\u0141ukasz: <a href=\"tel:+48884608308\">+48 884 608 308<\/a><br \/>Miros\u0142aw: <a href=\"tel:+48511172333\">+48 511 172 333<\/a><\/p>\n<p>Email:<\/p>\n<p><a href=\"mailto:kontakt@pralniadpf.pl\">kontakt@pralniadpf.pl<\/a><\/p>\n<ul>\n<li>\n\t\t\t\t\t    <a\n\t\t\t\t\t\thref=\"https:\/\/facebook.com\/\" aria-label=\"Facebook\" ><br \/>\n                                                                                                            <\/a>\n                    <\/li>\n<li>\n\t\t\t\t\t    <a\n\t\t\t\t\t\thref=\"https:\/\/wa.me\/48884608308\" aria-label=\"Whatsapp\" ><br \/>\n                                                                                                            <\/a>\n                    <\/li>\n<\/ul>\n","protected":false},"excerpt":{"rendered":"<p>Kontakt ul. \u0141adna 2203 -694 Warszawawoj. mazowieckie NIP: 9111630051 Telefon: \u0141ukasz: +48 884 608 308Miros\u0142aw: +48 511 172 333 Email: kontakt@pralniadpf.pl<\/p>\n","protected":false},"author":1,"featured_media":0,"parent":0,"menu_order":0,"comment_status":"closed","ping_status":"closed","template":"elementor_header_footer","meta":{"footnotes":""},"class_list":["post-1293","page","type-page","status-publish","hentry"],"yoast_head":"<!-- This site is optimized with the Yoast SEO plugin v20.2 - https:\/\/yoast.com\/wordpress\/plugins\/seo\/ -->\n<title>Kontakt - Pralnia DPF<\/title>\n<meta name=\"robots\" content=\"index, follow, max-snippet:-1, max-image-preview:large, max-video-preview:-1\" \/>\n<link rel=\"canonical\" href=\"https:\/\/pralniadpf.pl\/de\/kontakt\/\" \/>\n<meta property=\"og:locale\" content=\"de_DE\" \/>\n<meta property=\"og:type\" content=\"article\" \/>\n<meta property=\"og:title\" content=\"Kontakt - Pralnia DPF\" \/>\n<meta property=\"og:description\" content=\"Kontakt ul. \u0141adna 2203 -694 Warszawawoj. mazowieckie NIP: 9111630051 Telefon: \u0141ukasz: +48 884 608 308Miros\u0142aw: +48 511 172 333 Email: kontakt@pralniadpf.pl\" \/>\n<meta property=\"og:url\" content=\"https:\/\/pralniadpf.pl\/de\/kontakt\/\" \/>\n<meta property=\"og:site_name\" content=\"Pralnia DPF\" \/>\n<meta property=\"article:modified_time\" content=\"2023-08-30T11:25:07+00:00\" \/>\n<meta property=\"og:image\" content=\"https:\/\/pralniadpf.pl\/wp-content\/uploads\/2023\/01\/DSC_2304-LR.jpg\" \/>\n<meta name=\"twitter:card\" content=\"summary_large_image\" \/>\n<script type=\"application\/ld+json\" class=\"yoast-schema-graph\">{\"@context\":\"https:\/\/schema.org\",\"@graph\":[{\"@type\":\"WebPage\",\"@id\":\"https:\/\/pralniadpf.pl\/de\/kontakt\/\",\"url\":\"https:\/\/pralniadpf.pl\/de\/kontakt\/\",\"name\":\"Kontakt - Pralnia DPF\",\"isPartOf\":{\"@id\":\"https:\/\/pralniadpf.pl\/de\/#website\"},\"datePublished\":\"2023-01-04T16:07:17+00:00\",\"dateModified\":\"2023-08-30T11:25:07+00:00\",\"breadcrumb\":{\"@id\":\"https:\/\/pralniadpf.pl\/de\/kontakt\/#breadcrumb\"},\"inLanguage\":\"de\",\"potentialAction\":[{\"@type\":\"ReadAction\",\"target\":[\"https:\/\/pralniadpf.pl\/de\/kontakt\/\"]}]},{\"@type\":\"BreadcrumbList\",\"@id\":\"https:\/\/pralniadpf.pl\/de\/kontakt\/#breadcrumb\",\"itemListElement\":[{\"@type\":\"ListItem\",\"position\":1,\"name\":\"Strona g\u0142\u00f3wna\",\"item\":\"https:\/\/pralniadpf.pl\/de\/\"},{\"@type\":\"ListItem\",\"position\":2,\"name\":\"Kontakt\"}]},{\"@type\":\"WebSite\",\"@id\":\"https:\/\/pralniadpf.pl\/de\/#website\",\"url\":\"https:\/\/pralniadpf.pl\/de\/\",\"name\":\"Pralnia DPF\",\"description\":\"\",\"potentialAction\":[{\"@type\":\"SearchAction\",\"target\":{\"@type\":\"EntryPoint\",\"urlTemplate\":\"https:\/\/pralniadpf.pl\/de\/?s={search_term_string}\"},\"query-input\":\"required name=search_term_string\"}],\"inLanguage\":\"de\"}]}<\/script>\n<!-- \/ Yoast SEO plugin. -->","yoast_head_json":{"title":"Kontakt - Pralnia DPF","robots":{"index":"index","follow":"follow","max-snippet":"max-snippet:-1","max-image-preview":"max-image-preview:large","max-video-preview":"max-video-preview:-1"},"canonical":"https:\/\/pralniadpf.pl\/de\/kontakt\/","og_locale":"de_DE","og_type":"article","og_title":"Kontakt - Pralnia DPF","og_description":"Kontakt ul. \u0141adna 2203 -694 Warszawawoj. mazowieckie NIP: 9111630051 Telefon: \u0141ukasz: +48 884 608 308Miros\u0142aw: +48 511 172 333 Email: kontakt@pralniadpf.pl","og_url":"https:\/\/pralniadpf.pl\/de\/kontakt\/","og_site_name":"Pralnia DPF","article_modified_time":"2023-08-30T11:25:07+00:00","og_image":[{"url":"https:\/\/pralniadpf.pl\/wp-content\/uploads\/2023\/01\/DSC_2304-LR.jpg"}],"twitter_card":"summary_large_image","schema":{"@context":"https:\/\/schema.org","@graph":[{"@type":"WebPage","@id":"https:\/\/pralniadpf.pl\/de\/kontakt\/","url":"https:\/\/pralniadpf.pl\/de\/kontakt\/","name":"Kontakt - Pralnia DPF","isPartOf":{"@id":"https:\/\/pralniadpf.pl\/de\/#website"},"datePublished":"2023-01-04T16:07:17+00:00","dateModified":"2023-08-30T11:25:07+00:00","breadcrumb":{"@id":"https:\/\/pralniadpf.pl\/de\/kontakt\/#breadcrumb"},"inLanguage":"de","potentialAction":[{"@type":"ReadAction","target":["https:\/\/pralniadpf.pl\/de\/kontakt\/"]}]},{"@type":"BreadcrumbList","@id":"https:\/\/pralniadpf.pl\/de\/kontakt\/#breadcrumb","itemListElement":[{"@type":"ListItem","position":1,"name":"Strona g\u0142\u00f3wna","item":"https:\/\/pralniadpf.pl\/de\/"},{"@type":"ListItem","position":2,"name":"Kontakt"}]},{"@type":"WebSite","@id":"https:\/\/pralniadpf.pl\/de\/#website","url":"https:\/\/pralniadpf.pl\/de\/","name":"Pralnia DPF","description":"","potentialAction":[{"@type":"SearchAction","target":{"@type":"EntryPoint","urlTemplate":"https:\/\/pralniadpf.pl\/de\/?s={search_term_string}"},"query-input":"required name=search_term_string"}],"inLanguage":"de"}]}},"_links":{"self":[{"href":"https:\/\/pralniadpf.pl\/de\/wp-json\/wp\/v2\/pages\/1293","targetHints":{"allow":["GET"]}}],"collection":[{"href":"https:\/\/pralniadpf.pl\/de\/wp-json\/wp\/v2\/pages"}],"about":[{"href":"https:\/\/pralniadpf.pl\/de\/wp-json\/wp\/v2\/types\/page"}],"author":[{"embeddable":true,"href":"https:\/\/pralniadpf.pl\/de\/wp-json\/wp\/v2\/users\/1"}],"replies":[{"embeddable":true,"href":"https:\/\/pralniadpf.pl\/de\/wp-json\/wp\/v2\/comments?post=1293"}],"version-history":[{"count":22,"href":"https:\/\/pralniadpf.pl\/de\/wp-json\/wp\/v2\/pages\/1293\/revisions"}],"predecessor-version":[{"id":1691,"href":"https:\/\/pralniadpf.pl\/de\/wp-json\/wp\/v2\/pages\/1293\/revisions\/1691"}],"wp:attachment":[{"href":"https:\/\/pralniadpf.pl\/de\/wp-json\/wp\/v2\/media?parent=1293"}],"curies":[{"name":"wp","href":"https:\/\/api.w.org\/{rel}","templated":true}]}}

<p><img decoding="async" width="1600" height="1067" src="https://pralniadpf.pl/wp-content/uploads/2023/01/DSC_2304-LR.jpg" alt="" srcset="https://pralniadpf.pl/wp-content/uploads/2023/01/DSC_2304-LR.jpg 1600w, https://pralniadpf.pl/wp-content/uploads/2023/01/DSC_2304-LR-300x200.jpg 300w, https://pralniadpf.pl/wp-content/uploads/2023/01/DSC_2304-LR-1024x683.jpg 1024w, https://pralniadpf.pl/wp-content/uploads/2023/01/DSC_2304-LR-768x512.jpg 768w, https://pralniadpf.pl/wp-content/uploads/2023/01/DSC_2304-LR-1536x1024.jpg 1536w" sizes="(max-width: 1600px) 100vw, 1600px" />															</p>
<h1>Kontakt</h1>
<p>ul. Ładna 22<br />03 -694 Warszawa<br />woj. mazowieckie</p>
<p>NIP: 9111630051</p>
<p>Telefon:</p>
<p>Łukasz: <a href="tel:+48884608308">+48 884 608 308</a><br />Mirosław: <a href="tel:+48511172333">+48 511 172 333</a></p>
<p>Email:</p>
<p><a href="mailto:kontakt@pralniadpf.pl">kontakt@pralniadpf.pl</a></p>
<ul>
<li>
					    <a
						href="https://facebook.com/" aria-label="Facebook" ><br />
                                                                                                            </a>
                    </li>
<li>
					    <a
						href="https://wa.me/48884608308" aria-label="Whatsapp" ><br />
                                                                                                            </a>
                    </li>
</ul>

<p>Kontakt ul. Ładna 2203 -694 Warszawawoj. mazowieckie NIP: 9111630051 Telefon: Łukasz: +48 884 608 308Mirosław: +48 511 172 333 Email: kontakt@pralniadpf.pl</p>

<!-- This site is optimized with the Yoast SEO plugin v20.2 - https://yoast.com/wordpress/plugins/seo/ -->
<title>Kontakt - Pralnia DPF</title>
<meta name="robots" content="index, follow, max-snippet:-1, max-image-preview:large, max-video-preview:-1" />
<link rel="canonical" href="https://pralniadpf.pl/de/kontakt/" />
<meta property="og:locale" content="de_DE" />
<meta property="og:type" content="article" />
<meta property="og:title" content="Kontakt - Pralnia DPF" />
<meta property="og:description" content="Kontakt ul. Ładna 2203 -694 Warszawawoj. mazowieckie NIP: 9111630051 Telefon: Łukasz: +48 884 608 308Mirosław: +48 511 172 333 Email: kontakt@pralniadpf.pl" />
<meta property="og:url" content="https://pralniadpf.pl/de/kontakt/" />
<meta property="og:site_name" content="Pralnia DPF" />
<meta property="article:modified_time" content="2023-08-30T11:25:07+00:00" />
<meta property="og:image" content="https://pralniadpf.pl/wp-content/uploads/2023/01/DSC_2304-LR.jpg" />
<meta name="twitter:card" content="summary_large_image" />
<script type="application/ld+json" class="yoast-schema-graph">{"@context":"https://schema.org","@graph":[{"@type":"WebPage","@id":"https://pralniadpf.pl/de/kontakt/","url":"https://pralniadpf.pl/de/kontakt/","name":"Kontakt - Pralnia DPF","isPartOf":{"@id":"https://pralniadpf.pl/de/#website"},"datePublished":"2023-01-04T16:07:17+00:00","dateModified":"2023-08-30T11:25:07+00:00","breadcrumb":{"@id":"https://pralniadpf.pl/de/kontakt/#breadcrumb"},"inLanguage":"de","potentialAction":[{"@type":"ReadAction","target":["https://pralniadpf.pl/de/kontakt/"]}]},{"@type":"BreadcrumbList","@id":"https://pralniadpf.pl/de/kontakt/#breadcrumb","itemListElement":[{"@type":"ListItem","position":1,"name":"Strona główna","item":"https://pralniadpf.pl/de/"},{"@type":"ListItem","position":2,"name":"Kontakt"}]},{"@type":"WebSite","@id":"https://pralniadpf.pl/de/#website","url":"https://pralniadpf.pl/de/","name":"Pralnia DPF","description":"","potentialAction":[{"@type":"SearchAction","target":{"@type":"EntryPoint","urlTemplate":"https://pralniadpf.pl/de/?s={search_term_string}"},"query-input":"required name=search_term_string"}],"inLanguage":"de"}]}</script>
<!-- / Yoast SEO plugin. -->

Kontakt ul. Ładna 2203 -694 Warszawawoj. mazowieckie NIP: 9111630051 Telefon: Łukasz: +48 884 608 308Mirosław: +48 511 172 333 Email: kontakt@pralniadpf.pl

Strona główna
